{"id":161,"date":"2019-01-15T15:09:14","date_gmt":"2019-01-15T20:09:14","guid":{"rendered":"http:\/\/rfrq.org\/?page_id=161"},"modified":"2026-01-20T15:33:58","modified_gmt":"2026-01-20T20:33:58","slug":"croisieres-pour-tous-2","status":"publish","type":"page","link":"http:\/\/rfrq.org\/?page_id=161","title":{"rendered":"CROISI\u00c8RES POUR TOUS"},"content":{"rendered":"\n<figure class=\"wp-block-image is-resized\"><a href=\"http:\/\/croisierespourtous.com\/\" target=\"_blank\" rel=\"noreferrer noopener\"><img loading=\"lazy\" decoding=\"async\" width=\"140\" height=\"123\" src=\"http:\/\/rfrq.org\/wp-content\/uploads\/2019\/01\/croisieres-pour-tous.jpg\" alt=\"\" class=\"wp-image-75\" style=\"width:207px;height:182px\"\/><\/a><\/figure>\n\n\n\n<p><strong>&nbsp;<\/strong>1605 Desserte Nord Autoroute 440<br>(450) 680-2221<br>Prop.&nbsp;: M. Guy Bergeron<\/p>\n\n\n\n<p class=\"has-luminous-vivid-orange-color has-text-color\"><strong>$50.00 de rabais par membre<\/strong><br><strong>\u00c0 l\u2019achat d\u2019une croisi\u00e8re <\/strong><br><strong>(sur pr\u00e9sentation de la carte de membre RFRQ)<\/strong><\/p>\n\n\n\n<p>Mise \u00e0 jour aupr\u00e8s de Guy Bergeron en date du 2025-01-04 par Sylvie B\u00e9langer<br><strong>Entente valide jusqu\u2019au 2026-12-31<\/strong><\/p>\n","protected":false},"excerpt":{"rendered":"<p>&nbsp;1605 Desserte Nord Autoroute 440(450) 680-2221Prop.&nbsp;: M. Guy Bergeron $50.00 de rabais par membre\u00c0 l\u2019achat d\u2019une croisi\u00e8re (sur pr\u00e9sentation de la carte de membre RFRQ) Mise \u00e0 jour aupr\u00e8s de Guy Bergeron en date du 2025-01-04 par Sylvie B\u00e9langerEntente valide jusqu\u2019au 2026-12-31<\/p>\n","protected":false},"author":2,"featured_media":0,"parent":31,"menu_order":0,"comment_status":"closed","ping_status":"closed","template":"","meta":{"footnotes":""},"class_list":["post-161","page","type-page","status-publish","hentry"],"_links":{"self":[{"href":"http:\/\/rfrq.org\/index.php?rest_route=\/wp\/v2\/pages\/161","targetHints":{"allow":["GET"]}}],"collection":[{"href":"http:\/\/rfrq.org\/index.php?rest_route=\/wp\/v2\/pages"}],"about":[{"href":"http:\/\/rfrq.org\/index.php?rest_route=\/wp\/v2\/types\/page"}],"author":[{"embeddable":true,"href":"http:\/\/rfrq.org\/index.php?rest_route=\/wp\/v2\/users\/2"}],"replies":[{"embeddable":true,"href":"http:\/\/rfrq.org\/index.php?rest_route=%2Fwp%2Fv2%2Fcomments&post=161"}],"version-history":[{"count":10,"href":"http:\/\/rfrq.org\/index.php?rest_route=\/wp\/v2\/pages\/161\/revisions"}],"predecessor-version":[{"id":1694,"href":"http:\/\/rfrq.org\/index.php?rest_route=\/wp\/v2\/pages\/161\/revisions\/1694"}],"up":[{"embeddable":true,"href":"http:\/\/rfrq.org\/index.php?rest_route=\/wp\/v2\/pages\/31"}],"wp:attachment":[{"href":"http:\/\/rfrq.org\/index.php?rest_route=%2Fwp%2Fv2%2Fmedia&parent=161"}],"curies":[{"name":"wp","href":"https:\/\/api.w.org\/{rel}","templated":true}]}}