{"id":196,"date":"2019-01-15T16:05:32","date_gmt":"2019-01-15T21:05:32","guid":{"rendered":"http:\/\/rfrq.org\/?page_id=196"},"modified":"2020-02-03T14:40:05","modified_gmt":"2020-02-03T19:40:05","slug":"rotisserie-st-hubert%ef%bb%bf","status":"publish","type":"page","link":"http:\/\/rfrq.org\/?page_id=196","title":{"rendered":"R\u00f4tisserie St-Hubert\ufeff"},"content":{"rendered":"\n<figure class=\"wp-block-image\"><a href=\"http:\/\/www.st-hubert.com\" target=\"_blank\" rel=\"noreferrer noopener\"><img loading=\"lazy\" decoding=\"async\" width=\"216\" height=\"248\" src=\"http:\/\/rfrq.org\/wp-content\/uploads\/2019\/01\/St-Hubert.jpg\" alt=\"\" class=\"wp-image-197\"\/><\/a><\/figure>\n\n\n\n<p><strong>1111 boul. des Laurentides<\/strong><br><strong>Pont-Viau, Laval, Qc<\/strong><br><strong>H7N 5B5<\/strong><br><strong>514&nbsp;385-5555<\/strong><\/p>\n\n\n\n<p class=\"has-text-color has-luminous-vivid-orange-color\"><strong>15% de rabais sur repas pris en salle \u00e0 manger<\/strong><br><strong>(sur pr\u00e9sentation de la carte de membre RFRQ valide)<\/strong><\/p>\n\n\n\n<p>Entente prise aupr\u00e8s de Martin Langlois en date du 2020-01-30<br><strong>Entente valide jusqu\u2019au 2020-12-31<\/strong><\/p>\n","protected":false},"excerpt":{"rendered":"<p>1111 boul. des LaurentidesPont-Viau, Laval, QcH7N 5B5514&nbsp;385-5555 15% de rabais sur repas pris en salle \u00e0 manger(sur pr\u00e9sentation de la carte de membre RFRQ valide) Entente prise aupr\u00e8s de Martin Langlois en date du 2020-01-30Entente valide jusqu\u2019au 2020-12-31<\/p>\n","protected":false},"author":2,"featured_media":0,"parent":31,"menu_order":0,"comment_status":"closed","ping_status":"closed","template":"","meta":{"footnotes":""},"class_list":["post-196","page","type-page","status-publish","hentry"],"_links":{"self":[{"href":"http:\/\/rfrq.org\/index.php?rest_route=\/wp\/v2\/pages\/196","targetHints":{"allow":["GET"]}}],"collection":[{"href":"http:\/\/rfrq.org\/index.php?rest_route=\/wp\/v2\/pages"}],"about":[{"href":"http:\/\/rfrq.org\/index.php?rest_route=\/wp\/v2\/types\/page"}],"author":[{"embeddable":true,"href":"http:\/\/rfrq.org\/index.php?rest_route=\/wp\/v2\/users\/2"}],"replies":[{"embeddable":true,"href":"http:\/\/rfrq.org\/index.php?rest_route=%2Fwp%2Fv2%2Fcomments&post=196"}],"version-history":[{"count":5,"href":"http:\/\/rfrq.org\/index.php?rest_route=\/wp\/v2\/pages\/196\/revisions"}],"predecessor-version":[{"id":1291,"href":"http:\/\/rfrq.org\/index.php?rest_route=\/wp\/v2\/pages\/196\/revisions\/1291"}],"up":[{"embeddable":true,"href":"http:\/\/rfrq.org\/index.php?rest_route=\/wp\/v2\/pages\/31"}],"wp:attachment":[{"href":"http:\/\/rfrq.org\/index.php?rest_route=%2Fwp%2Fv2%2Fmedia&parent=196"}],"curies":[{"name":"wp","href":"https:\/\/api.w.org\/{rel}","templated":true}]}}